/14)/((-4)/28) is divided by f.
0
Let n = 76 + -72. Let i = -6 + 13. Calculate the remainder when i is divided by n.
3
Let h = -56 - -17. Let d be (-1)/(-2) - 282/(-4). Let q = h + d. Calculate the remainder when q is divided by 11.
10
Let q be 15/9 - (-1)/3. Suppose q*b - 4*b = -22. Calculate the remainder when b is divided by 4.
3
Suppose -3*w + w = -6. Suppose -5*k = -5*b - 15, -2*k - w*b + 0*b + 6 = 0. Suppose 0 = -k*p + 243 - 96. Calculate the remainder when p is divided by 13.
10
Suppose 0 = 3*s + y - 94, -y - 66 = -2*s - 10. Let o be ((-2)/(-5))/((-3)/s). Calculate the remainder when 5 is divided by (-18)/12*o/3.
1
Suppose -3*p = -4*y + 5*y - 98, 0 = 2*p + y - 67. What is the remainder when p is divided by (16/10)/((-2)/(-10))?
7
Suppose -2*s + 4*s = 56. Let k = -3 - -8. What is the remainder when s is divided by (-2 - (2 - k))*10?
8
Suppose 2*y = 2 + 76. What is the remainder when y is divided by 20?
19
Let n = 4 - -17. What is the remainder when n is divided by 7?
0
Let p = 5 - 2. Suppose -3*d - 5*z - 33 = -190, 0 = 2*d + p*z - 104. What is the remainder when d is divided by 17?
15
Suppose -z = 4*z - 340. Suppose -330 + 123 = -9*c. Calculate the remainder when z is divided by c.
22
Let v(z) = z**3 - 7*z**2 + 6*z + 4. Let f be v(6). Suppose f*q - 35 - 9 = 0. Suppose 4*u = 9*u - 100. What is the remainder when u is divided by q?
9
Suppose -2*o + 3*v = -v - 76, -5*o + 212 = v. What is the remainder when o is divided by 11?
9
Let h be 6/(-18) - (-50)/(-3). Let w = h - -52. Suppose 3*d = -0*d - 4*j + 16, 2*d + 2*j = 14. What is the remainder when w is divided by d?
11
Let l(j) = -j**3 + 9*j**2 + j + 1. Let k(v) = -v**3 - 4*v**2 + 10*v + 7. Calculate the remainder when k(-6) is divided by l(9).
9
Suppose -3*j = 3*r, 0*j + 5*r - 8 = 3*j. Calculate the remainder when ((-9)/6)/1*(-656)/24 is divided by j/3 - 86/(-6).
13
Let y(d) = -d**2 + 13*d + 4. Let t be y(10). Let w = t - 24. Suppose -2*q + 4*v + 26 = 0, 4*q + q = -v + 10. What is the remainder when w is divided by q?
1
Suppose 5 = 3*m - 13. Let p = -3 - -9. Calculate the remainder when m is divided by (-2 - -1)/(p/(-24)).
2
Let g(r) = r**3 + 3*r**2 - 9*r + 1. Suppose 3*n = 8*n, 4*n - 6 = -k. Calculate the remainder when g(-4) is divided by k.
3
Let b be (0 - 3/(-1)) + 2. Suppose -3*a = 4*j - 11, -j - a - 23 = -b*j. What is the remainder when 7 is divided by j?
2
Suppose 2*y + 878 = 4*y. Suppose 5*u = y - 154. Suppose 0 = 2*g - 5*g + u. Calculate the remainder when g is divided by 10.
9
Suppose 3 = -3*g + 2*g + s, 6 = 2*g + s. What is the remainder when (-113)/(-4) + g/(-4) is divided by 15?
13
Let r(p) = p**2 - 4*p + 6. Suppose -q = -4*q + 66. Calculate the remainder when q is divided by r(4).
4
Let t be (6 - 6) + 4*-1. Let j(k) = k**3 + 8*k**2 - 2*k - 1. Calculate the remainder when j(t) is divided by 24.
23
Let z = -4 + 10. Let m = -6 + 16. Calculate the remainder when m is divided by z.
4
Suppose 0 = 2*h + 4, -16 = -5*v + 4*v - 3*h. Calculate the remainder when 64 is divided by v.
20
Suppose 0 = -26*s + 22*s + 124. What is the remainder when 92 is divided by s?
30
Suppose 4*i - 29 = 11. What is the remainder when 29 is divided by i?
9
Let o(p) = -25*p. Suppose 60 = 5*j - 5*g, -4*j - 4*g = -6 - 34. Suppose -4*h + j = -25. What is the remainder when o(-1) is divided by h?
7
Let z be (1/(-3))/((-6)/36). Suppose -7*w + 170 = -z*w. Calculate the remainder when w is divided by 18 + (0 + 1)*0.
16
Let r = -8 - -23. What is the remainder when 44 is divided by r?
14
Let y be (-18)/63 + (-60)/(-14). Suppose -196 = -4*j + 156. Suppose -3*i - 5*p + j + 18 = 0, 4*p + y = 0. Calculate the remainder when i is divided by 13.
11
Let y be (0 - -22)*(-9)/(-6). Calculate the remainder when 13 is divided by (-6)/(-21) - y/(-7).
3
Let h be 3*-2*(-2)/6. Let g(f) = -f**2 + 4*f + 1. What is the remainder when g(h) is divided by 3*(0 + (1 - 0))?
2
Let x(s) = -1. Let p(h) = 7*h - 7. Let c(n) = p(n) - 6*x(n). Suppose -7*w + 3*w = -4. Calculate the remainder when c(w) is divided by 2.
0
Let t(r) = -r**2 + 3*r + 46. Calculate the remainder when t(0) is divided by 24.
22
Let h(k) = k**2 + k - 4. Let u = 74 - 27. What is the remainder when u is divided by h(-5)?
15
Suppose 2*l - 53 = -19. Calculate the remainder when 48 is divided by l.
14
Let t(w) = w**3 + 6*w**2 - 4*w + 4. What is the remainder when t(-5) is divided by 10?
9
Suppose 6*x - x = 25. Let g = 17 - x. Calculate the remainder when g is divided by 7.
5
Suppose -2*z = -11*z + 144. Calculate the remainder when 46 is divided by z.
14
Calculate the remainder when (0 + 0 + -1)*-47 is divided by 24.
23
Suppose 7 - 33 = -4*z + 2*a, -2*z + 5*a - 7 = 0. What is the remainder when 1/2*(5 + z) is divided by 4?
3
Let g be (-2)/(-2)*3/3. Let c be 0 + (-2 - 0) + 3. Calculate the remainder when 35 is divided by g/(8/(-9) + c).
8
Let g = 11 - 28. Let x = 55 + g. Calculate the remainder when x is divided by 13.
12
Let r = 2 + 1. Calculate the remainder when 5 is divided by r.
2
Suppose -2*w + 6 = 0, 0 = -5*q + 4*w + 111 - 38. Let d = 47 - 80. Let t = 0 - d. What is the remainder when t is divided by q?
16
What is the remainder when 10 is divided by 104/40 + 2 + 8/(-5)?
1
Suppose -2*r + r + 3 = 0. What is the remainder when 14 is divided by (-1)/(r/6)*-4?
6
Suppose 0 = -2*l + 3*f - 40, 3*l + l - f + 80 = 0. Suppose -2*q + 3*h = 61, 3*q - 2*h = 8*q + 181. Let v = l - q. What is the remainder when v is divided by 8?
7
Suppose 3*s = 2*s + 5. Suppose -r + 3*g + 102 = 2*r, r - 46 = s*g. Calculate the remainder when r is divided by 17.
14
Suppose 3*o + 12 = 7*o. Let u = -8 + 10. What is the remainder when o is divided by u?
1
Suppose -2*g - 2 = 0, 5 = 4*q - 3*q - g. Let s(c) = c**2 + c + 7. Calculate the remainder when s(0) is divided by q.
3
Let l = 10 - 11. Suppose -4*n - 4*t - 43 = -9*n, 29 = 4*n - 5*t. What is the remainder when (l/(-3))/(4/492) is divided by n?
8
Let w = 81 + -56. What is the remainder when w is divided by 29/3 - 6/9?
7
Let r(b) = b**2 + 2. Let o(q) = -q**2 + q + 2. Let y be o(2). Let w be r(y). Suppose w*m + 3 = 3*m. Calculate the remainder when 4 is divided by m.
1
Let t(i) = i**3 + 16*i**2 + 21*i. Calculate the remainder when t(-14) is divided by 10.
8
Let s(g) = -g**2 + 4*g. Let t be s(2). Suppose 8*o = -2*x + 3*o + 3, t*x - 4*o - 48 = 0. What is the remainder when x is divided by 6?
3
Let h = -10 + 15. Suppose -4*q + q + c = -33, q + h*c - 11 = 0. What is the remainder when 32 is divided by q?
10
Let g be 0 - 0 - -1 - -2. Suppose g*x - 3 = c, -5*c = 3*x - 19 - 2. Let v = 14 - 10. Calculate the remainder when v is divided by c.
1
Let g = 57 + -44. What is the remainder when (2/4)/(-1)*-72 is divided by g?
10
Suppose 5*n = -d + 48, 3*n - 2*d = -2 + 23. Let r(v) = -4*v. Let p be r(-5). Suppose -6*k = -2*k - p. What is the remainder when n is divided by k?
4
Suppose 4 = 2*f + 3*d, 4*f + 3*d = 3 - 1. Suppose 0 = -2*w - 2*w + 272. What is the remainder when w is divided by f/((-2)/44) + 1?
22
Suppose 13*b - 52 = 9*b. Let d(p) = -8*p. What is the remainder when b is divided by d(-1)?
5
Suppose -20 - 43 = -3*z. What is the remainder when 103 is divided by z?
19
Let t be (3/(-5))/(2/(-10)). Let j be t - 1/((-1)/12). Let m = j + 4. What is the remainder when m is divided by 10?
9
Let v(z) = z + 6. Let r be v(0). Let g be r/5*10/3. Suppose 0 = -c + 5, -g*o + 3*c = c - 82. Calculate the remainder when 67 is divided by o.
21
Let t = -33 + 59. Suppose 2*o - 42 = -o. Calculate the remainder when t is divided by o.
12
Let w = 5 - -8. Suppose 5*f = f. Suppose -4*v + 62 = 2*g, -4*g - 5*v + 113 + 2 = f. What is the remainder when g is divided by w?
12
Calculate the remainder when 39 is divided by (-3)/24 + 285/40.
4
Suppose 51 = n + 2*n. Let a = 32 - n. Calculate the remainder when a is divided by 8.
7
Suppose 0 = -5*p - 2*v + 16, -p - 2*v + 3*v = -6. Let m(d) = 3*d - 7. Calculate the remainder when 1085/25 + p/(-10) is divided by m(6).
10
Suppose -3*a = 3*o - 180, 3*o + 4*a + 0*a = 184. Let t = 13 + -7. What is the remainder when o is divided by ((-4)/t*57)/(-2)?
18
Let a be (-6)/2*3/(-9). Let t(y) = 6*y**3 - 4*y**3 + 2*y**2 + 4*y**3 - 1. What is the remainder when 13 is divided by t(a)?
6
Suppose -3*q = 3*d - 129, 0*q - d + 133 = 3*q. Calculate the remainder when 24